r?
False
Is 815809 composite?
False
Is 98061 a composite number?
True
Is 21683 prime?
True
Is 4963 a composite number?
True
Is 9183 composite?
True
Is 11099 a prime number?
False
Is 102302 a prime number?
False
Is 108631 composite?
False
Is 65867 a prime number?
True
Is 14809 a prime number?
False
Is 1880233 a prime number?
True
Is 183721 prime?
False
Is 13841 composite?
False
Is 656957 a composite number?
True
Is 799511 composite?
True
Is 79103 a prime number?
True
Is 23703 composite?
True
Is 142627 composite?
True
Is 2557 a composite number?
False
Is 35273 prime?
False
Is 162335 a composite number?
True
Is 163 a prime number?
True
Is 492019 prime?
False
Is 38503 a prime number?
False
Is 570563 a prime number?
False
Is 316499 composite?
False
Is 406141 composite?
True
Is 1463797 a prime number?
True
Is 5513 prime?
False
Is 14621 a prime number?
True
Is 219 a composite number?
True
Is 100133 a prime number?
False
Is 78817 composite?
True
Is 27059 prime?
True
Is 94223 a composite number?
True
Is 8057 composite?
True
Is 233374 a prime number?
False
Is 101267 a prime number?
True
Is 28879 a composite number?
False
Is 20627 a prime number?
True
Is 70582 a composite number?
True
Is 359231 a prime number?
True
Is 185519 prime?
True
Is 16727 a prime number?
False
Is 17846 a prime number?
False
Is 1249 composite?
False
Is 5461 a composite number?
True
Is 191431 a composite number?
True
Is 7729 prime?
False
Is 271627 prime?
False
Is 28751 a composite number?
False
Is 47053 prime?
False
Is 11233 composite?
True
Is 19043 a composite number?
True
Is 11179 a prime number?
False
Is 182321 a composite number?
True
Is 319187 a composite number?
True
Is 10211 prime?
True
Is 10117 a prime number?
False
Is 6401 a prime number?
False
Is 697 a composite number?
True
Is 60773 prime?
True
Is 119893 a prime number?
False
Is 16041 prime?
False
Is 243493 a composite number?
True
Is 308333 a prime number?
True
Is 745439 a composite number?
True
Is 1543 a composite number?
False
Is 2361 a composite number?
True
Is 5623 a composite number?
False
Is 4385 composite?
True
Is 251819 composite?
True
Is 7829 composite?
False
Is 584347 a composite number?
False
Is 1344559 composite?
False
Is 14489 composite?
False
Is 168583 prime?
False
Is 1087291 a composite number?
False
Is 18409 prime?
False
Is 28429 a composite number?
False
Is 1657 a composite number?
False
Is 60321 a prime number?
False
Is 32183 composite?
False
Is 29819 a prime number?
True
Is 27053 prime?
False
Is 925913 composite?
False
Is 2657 a prime number?
True
Is 9897 a composite number?
True
Is 9869 prime?
False
Is 8119 a composite number?
True
Is 4087 composite?
True
Is 1360318 prime?
False
Is 102241 a prime number?
True
Is 11519 prime?
True
Is 89189 a composite number?
False
Is 10007 composite?
False
Is 194761 a composite number?
True
Is 115499 a composite number?
False
Is 300367 composite?
False
Is 14269 composite?
True
Is 181679 a composite number?
True
Is 9533 composite?
False
Is 1979 composite?
False
Is 19853 a composite number?
False
Is 205541 composite?
True
Is 856259 composite?
True
Is 55999 a composite number?
True
Is 1798611 a composite number?
True
Is 27043 prime?
True
Is 15781 a composite number?
True
Is 4225249 prime?
False
Is 406117 composite?
False
Is 5981 a prime number?
True
Is 28837 a prime number?
True
Is 224963 a prime number?
False
Is 1253 a composite number?
True
Is 5639 prime?
True
Is 21451 a prime number?
False
Is 94277 composite?
True
Is 516929 prime?
False
Is 79741 a composite number?
True
Is 2281 a prime number?
True
Is 331 composite?
False
Is 44041 prime?
True
Is 12883 a prime number?
False
Is 3051007 composite?
True
Is 295 a composite number?
True
Is 131329 prime?
False
Is 5303 composite?
False
Is 183389 composite?
False
Is 3994 prime?
False
Is 3079 prime?
True
Is 10207 a prime number?
False
Is 199399 a prime number?
True
Is 6521 a prime number?
True
Is 798481 prime?
True
Is 190049 prime?
False
Is 6098 a prime number?
False
Is 99838 a composite number?
True
Is 35589 a prime number?
False
Is 3251 composite?
False
Is 18391 prime?
False
Is 16649 a composite number?
False
Is 1741 prime?
True
Is 252401 composite?
False
Is 2043091 a prime number?
True
Is 924997 prime?
True
Is 9677 prime?
True
Is 91843 composite?
True
Is 1101 composite?
True
Is 51059 prime?
True
Is 241759 a composite number?
True
Is 14969 composite?
False
Is 397867 a composite number?
False
Is 67349 a composite number?
False
Is 134483 composite?
True
Is 39581 composite?
False
Is 40421 a composite number?
True
Is 64919 a prime number?
True
Is 9637 prime?
False
Is 47791 prime?
True
Is 1335023 a composite number?
False
Is 36503 composite?
True
Is 18947 a composite number?
False
Is 4409 a prime number?
True
Is 2532721 prime?
True
Is 96865 a composite number?
True
Is 62459 a prime number?
True
Is 398279 composite?
True
Is 228331 a composite number?
False
Is 957379 composite?
True
Is 6619 prime?
True
Is 317522 a prime number?
False
Is 8663 composite?
False
Is 21361 composite?
True
Is 3028801 a composite number?
True
Is 1261 prime?
False
Is 152159 a composite number?
True
Is 16301 prime?
True
Is 8779 a composite number?
False
Is 720481 a prime number?
True
Is 42565 prime?
False
Is 292381 composite?
False
Is 18013 prime?
True
Is 21269 a composite number?
False
Is 34115 a composite number?
True
Is 117643 a composite number?
False
Is 45659 a prime number?
True
Is 16343 prime?
False
Is 528091 a composite number?
False
Is 24721 prime?
False
Is 177467 prime?
True
Is 3443 a prime number?
False
Is 64553 prime?
True
Is 46619 a prime number?
True
Is 6761 prime?
True
Is 61989 prime?
False
Is 9217 a composite number?
True
Is 12851 composite?
True
Is 367599 a prime number?
False
Is 568091 composite?
False
Is 2762 a prime number?
False
Is 495419 prime?
False
Is 37379 a prime number?
True
Is 11351 composite?
False
Is 10327 a prime number?
False
Is 31082 a composite number?
True
Is 14635 a prime number?
False
Is 5541 a composite number?
True
Is 2281 prime?
True
Is 16535 a composite number?
True
Is 9601 prime?
True
Is 693779 prime?
True
Is 31877 a composite number?
True
Is 14519 a prime number?
True
Is 19121 a composite number?
False
Is 61781 composite?
False
Is 20481 composite?
True
Is 38431 a composite number?
False
Is 2927 prime?
True
Is 4999 prime?
True
Is 67867 prime?
True
Is 218579 prime?
True
Is 24281 a prime number?
True
Is 4957 a composite number?
False
Is 117779 a prime number?
True
Is 21782 prime?
False
Is 493023 composite?
True
Is 699 a composite number?
True
Is 134267 a composite number?
True
Is 164881 a composite number?
False
Is 19277 prime?
False
Is 56111 a prime number?
False
Is 36503 prime?
False
Is 299913 a composite number?
True
Is 135329 a composite number?
False
Is 4237 prime?
False
Is 112429 a prime number?
True
Is 199 composite?
False
Is 394951 a composite number?
True
Is 5497 a composite number?
True
Is 233983 prime?
True
Is 28585 composite?
True
Is 267823 a prime number?
False
Is 61187 composite?
True
Is 11906 prime?
False
Is 7939 prime?
False
Is 5442011 a composite number?
False
Is 3679 composite?
True
Is 647 a prime number?
True
Is 8923 a composite number?
False
Is 79967 prime?
True
Is 16921 a composite number?
False
Is 431479 a prime number?
True
Is 982571 a prime number?
True
Is 134267 a prime number?
False
Is 22901 a composite number?
False
Is 8889 prime?
False
Is 36397 composite?
True
Is 591937 a composite number?
False
Is 8603 a prime number?
False
Is 1280033 a prime number?
False
Is 195673 composite?
True
Is 279799 composite?
True
Is 10814 prime?
False
Is 643585 a composite number?
True
Is 15809 a composite number?
False
Is 30967 a prime number?
False
Is 25001 a composite number?
True
Is 7195 prime?
False
Is 84211 prime?
True
Is 173449 composite?
True
Is 46619 composite?
False
Is 17999 a prime number?
False
Is 28111 composite?
False
Is 940607 a composite number?
False
Is 13997 composite?
False
Is 2448241 a composite number?
False
Is 150266 prime?
False
Is 10037 a composite number?
False
Is 43598 composite?
True
Is 14747441 prime?
True
Is 30407 a composite number?
True
Is 67627 composite?
True
Is 597413 a composite number?
True
Is 44351 prime?
True
Is 7651 a prime number?
False
Is 153661 a prime number?
False
I